3*g + 346. What is p(-2)?
20
Let p(i) = -3614*i + 75868. Determine p(21).
-26
Let y(h) = 2*h**3 - 94*h**2 - 68*h - 1231. What is y(48)?
113
Let i(z) = -439*z**2 - 6*z - 1. Give i(-1).
-434
Let h(c) = 5*c**3 + 5*c**2 - 7762*c - 15540. Calculate h(-2).
-36
Let d(a) = 36*a**3 - 283*a**2 - 85*a + 364. Calculate d(8).
4
Let v(w) = 53514*w - 5. Give v(0).
-5
Let c(p) = 5560*p + 372586. What is c(-67)?
66
Let b(o) = -2*o**3 + 19*o**2 + 2651*o - 13515. What is b(5)?
-35
Let t(b) = 21*b**2 - 275*b + 2051. Calculate t(7).
1155
Let z(x) = 2*x**2 - 108*x + 980. Give z(41).
-86
Let g(z) = 6*z**3 + 2*z**2 - 1157*z - 1162. Determine g(-1).
-9
Let a(f) = 3*f - 4428. Give a(138).
-4014
Let i(n) = -3*n**3 + 50*n**2 - 574*n - 5878. Calculate i(-6).
14
Let f(b) = 1829*b - 36784. Calculate f(20).
-204
Let y(r) = 3*r**2 - 49*r - 346. What is y(-17)?
1354
Let m(v) = v**3 - v**2 - 1007*v + 5114. Give m(5).
179
Let w(g) = 8*g**3 + 415*g**2 - 72*g - 1216. Determine w(-52).
-176
Let g(d) = -61*d**2 - 3373*d - 950. Determine g(-55).
40
Let v(w) = -74*w + 3374. Determine v(116).
-5210
Let i(v) = 585*v - 23317. Give i(40).
83
Let q(p) = 217893*p - 1307352. Calculate q(6).
6
Let i(x) = -25*x**2 + 1637*x + 766. Determine i(66).
-92
Let b(l) = l**2 + 37226*l + 372153. Calculate b(-10).
-7
Let h(b) = 5015*b + 2452316. Determine h(-489).
-19
Let t(o) = 658*o + 68435. What is t(-104)?
3
Let v(b) = -2716*b**2 - 2693*b + 14. Give v(-1).
-9
Let c(m) = -m**3 + 130*m**2 + 1550*m + 213. Calculate c(141).
72
Let l(j) = -17*j**2 + 6029*j + 14273. Calculate l(357).
-7
Let s(d) = d**2 - 1116*d - 295462. Determine s(-221).
15
Let d(q) = 170*q + 4571. Calculate d(-29).
-359
Let c(v) = v**3 + 92*v**2 - 731*v - 571. Determine c(8).
-19
Let o(j) = -200*j**2 - 1416*j - 70. Determine o(-7).
42
Let o(j) = j**2 - 2166*j + 270395. What is o(133)?
6
Let v(x) = 124*x + 7999. What is v(-64)?
63
Let d(y) = y**3 - 128*y**2 + 51*y - 6589. Determine d(128).
-61
Let k(a) = 2*a**2 - 116*a + 706. Determine k(35).
-904
Let a(j) = 8966*j - 70423. Determine a(8).
1305
Let m(r) = -7272*r - 916255. What is m(-126)?
17
Let z(j) = j**3 + 35*j**2 + 275*j + 1608. Give z(-27).
15
Let f(z) = 3014*z - 138809. What is f(46)?
-165
Let q(d) = d**3 + 9*d**2 + 5*d - 32. Calculate q(-7).
31
Let v(c) = -c**2 + 21660*c + 194998. What is v(-9)?
-23
Let s(d) = -2*d**2 - 27203*d + 16. Give s(0).
16
Let g(w) = 5*w**2 + 226*w - 214. Determine g(-43).
-687
Let f(q) = 12*q**2 - 1879*q + 15385. What is f(148)?
141
Let f(s) = 11792*s - 117968. Calculate f(10).
-48
Let g(j) = j**2 - 94258*j + 1602095. Calculate g(17).
-2
Let z(b) = 208*b**3 - 3*b**2 - 4*b - 3. Calculate z(-1).
-210
Let t(b) = 2*b**2 - 538*b + 14894. What is t(33)?
-682
Let i(y) = 9*y**2 + 953*y + 962. Calculate i(-105).
122
Let h(v) = 6*v**3 + 75*v**2 - 216*v - 41. What is h(3)?
148
Let k(h) = h**3 + 23*h**2 + 75*h - 184. Give k(-7).
75
Let l(n) = 241*n - 12182. Give l(50).
-132
Let d(n) = n**2 + 1183*n - 10741. What is d(9)?
-13
Let r(q) = -11302*q - 271296. Determine r(-24).
-48
Let x(d) = 53*d**2 + 2135*d + 58. Determine x(-40).
-542
Let h(k) = 80*k**2 + 6731*k - 43270. What is h(6)?
-4
Let j(p) = 8998*p - 98970. Determine j(11).
8
Let l(x) = x**3 + 338*x**2 - 316005*x + 2269. Give l(-756).
1
Let b(p) = 21*p**3 - 545*p**2 - 23*p - 84. Determine b(26).
-6
Let d(i) = -166*i**2 + 1150*i - 3. Determine d(7).
-87
Let y(d) = -4*d**3 + 158*d**2 + 235*d - 149. Calculate y(41).
-600
Let r(x) = x**2 - 126*x + 4171. What is r(86)?
731
Let x(v) = -869933*v - 20008454. What is x(-23)?
5
Let r(f) = 19*f**2 + 172*f - 707. Calculate r(4).
285
Let r(f) = f**2 - 209049*f - 2508744. Determine r(-12).
-12
Let f(n) = 7608*n + 882565. Give f(-116).
37
Let z(l) = 15196*l + 319150. Determine z(-21).
34
Let j(v) = -4*v**3 - 75*v**2 + 103*v + 1569. Determine j(-19).
-27
Let y(b) = 1745*b + 26180. Calculate y(-15).
5
Let x(d) = 2*d**2 + 153*d + 1892. Calculate x(-62).
94
Let c(w) = 3*w**3 - 159*w**2 + 1269*w - 40948. Determine c(50).
2
Let y(o) = -o**3 - 60*o**2 - 894*o - 45. Give y(-28).
-101
Let w(r) = -r**3 - 57*r**2 - 621*r - 157. Calculate w(-16).
-717
Let r(v) = 6*v**3 + 2956*v**2 + 13657*v - 3410. Calculate r(-488).
6
Let t(h) = -38*h + 1614. What is t(32)?
398
Let j(x) = 79886*x - 1837375. Calculate j(23).
3
Let z(x) = -2*x**2 + 456*x + 59711. Give z(-93).
5
Let o(l) = -l**3 - 180*l**2 - 7740*l + 207. Determine o(-109).
316
Let y(v) = -15*v**2 + 108*v - 444. What is y(4)?
-252
Let a(o) = -1050*o + 2300. Calculate a(3).
-850
Let m(i) = 70*i**2 + 781*i + 797. Calculate m(-10).
-13
Let c(r) = 2*r**3 + 26*r**2 + 14551*r - 29212. Calculate c(2).
10
Let s(b) = -2*b**2 - 3248*b + 29340. Determine s(9).
-54
Let m(f) = 586*f - 231441. Determine m(395).
29
Let v(w) = -348*w + 5743. What is v(17)?
-173
Let a(c) = c**3 + 25*c**2 - 335*c + 37. Calculate a(10).
187
Let x(c) = 11*c**2 - 613*c + 6726. Calculate x(16).
-266
Let i(j) = -5*j**3 + 85*j**2 - 16*j - 5. Determine i(17).
-277
Let a(c) = -863*c**2 + 288*c + 287. Determine a(-1).
-864
Let p(y) = -y**2 - 4634*y + 69723. Calculate p(15).
-12
Let d(v) = -6212*v - 254695. Calculate d(-41).
-3
Let l(g) = -g**3 + 192*g**2 - 2315*g - 2150. Determine l(179).
-2
Let o(s) = s**3 + 349*s**2 - 3229*s - 2542. What is o(-358)?
-36
Let d(f) = f**2 + 36*f - 27918. Calculate d(150).
-18
Let s(l) = -5*l**2 + 891*l - 9375. Calculate s(167).
-23
Let r(j) = 2759*j - 5809. Determine r(2).
-291
Let m(y) = 63*y**2 + 1414*y - 27687. Determine m(-35).
-2
Let f(o) = 8432*o - 564919. What is f(67)?
25
Let t(p) = 6129*p + 11314. Calculate t(-2).
-944
Let v(i) = 10*i**3 - 19*i**2 + 620*i - 1234. Calculate v(2).
10
Let t(v) = -3*v**3 - 71*v**2 - 259*v + 113. What is t(-5)?
8
Let h(x) = 2*x**3 + 131*x**2 - 553*x - 766. Calculate h(5).
-6
Let y(q) = 6*q**3 - 45*q**2 + 168*q - 497. Calculate y(3).
-236
Let b(t) = 5*t**3 - 9*t - 33. What is b(5)?
547
Let f(c) = -1674921*c - 6699676. Calculate f(-4).
8
Let p(h) = -2*h**3 + 6*h**2 + 149*h - 779. Calculate p(7).
-128
Let t(l) = 26398*l + 7708235. Calculate t(-292).
19
Let y(h) = 458*h**2 + 194652*h + 852. Calculate y(-425).
2
Let s(y) = y**2 + 32*y - 12737. Calculate s(-130).
3
Let u(h) = -4791051*h + 14373156. Give u(3).
3
Let w(a) = -a**3 + 424*a**2 - 5088*a + 225086. Determine w(413).
1
Let g(r) = -r**3 + 25*r**2 + 173*r - 5450. What is g(25)?
-1125
Let r(y) = 2*y**2 + 734*y + 18242. Calculate r(-26).
510
Let w(k) = -56*k**2 + 8761*k - 8716. Determine w(1).
-11
Let b(p) = p**3 + 193*p**2 + 8479*p + 4664. What is b(-126)?
2
Let f(h) = -h**2 + 44*h + 1. Determine f(9).
316
Let i(v) = 5*v**2 + 237*v - 2649. What is i(12)?
915
Let i(k) = 478*k**2 + 103*k + 100. Determine i(-1).
475
Let h(y) = 3*y**3 + 97*y**2 + 90*y - 451. What is h(-31)?
603
Let k(a) = 13*a**2 - 171*a + 378. Determine k(3).
-18
Let y(i) = -i**2 - 23426*i + 1550463. What is y(66)?
-9
Let z(h) = -h**3 + 88*h**2 + 76*h - 28203. Determine z(85).
-68
Let z(v) = -132*v + 312. Determine z(0).
312
Let h(a) = 68065*a + 4696482. Determine h(-69).
-3
Let o(t) = -127*t - 474. Give o(-4).
34
Let s(o) = -o**3 - 79*o**2 - 295*o + 431. Give s(-75).
56
Let p(u) = -4*u**2 + 140505*u + 281030. Give p(-2).
4
Let n(f) = 11330*f**2 - 147309*f + 249. Determine n(13).
2
Let w(s) = 3451*s - 23010. What is w(7)?
1147
Let r(m) = 8*m**3 - 3775*m**2 + 3290*m + 3290. What is r(471)?
-7
Let t(j) = -71941*j + 359605. Determine t(5).
-100
Let u(k) = -k**3 - 10*k**2 - 52*k - 18. What is u(-6)?
150
Let l(b) = -15110*b - 1118182. Determine l(-74).
-42
Let f(z) = 778*z - 10226. Calculate f(13).
-112
Let n(c) = 29*c + 6285. What is n(-207)?
282
Let c(u) = -9*u**2 - 2984*u + 16503. Give c(-337).
-10
Let s(o) = -943911*o - 6607364. What is s(-7)?
13
Let y(s) = -31*s**2 + 8779*s - 1804. Give y(283).
-106
Let w(t) = -2*t**2 - 67*t + 5650. Give w(41).
-459
Let h(y) = y**3 - 22*y**2 - 1823*y - 45. What is h(55)?
-485
Let m(h) = h**3 - h**2 - 179*h + 74. Give m(-12).
350
Let s(k) = -550*k + 5904. What is s(13)?
-1246
Let d(j) = j**3 + 610*j**2 - 8082*j + 10624. Give d(-623).
33
Let h(n) = -6489*n - 45269. Give h(-7).
154
Let w(i) = -13*i**2 + 57*i + 7. Calculate w(-5).
-603
Let c(b) = -86338*b - 7856757. What is c(-91)?
1
Let f(q) = 10*q**2 + 592*q + 4429. What is f(-50)?
-171
Let b(j) = -j**3 - 15*j**2 -